ivided by (-12)/(-3)*(9 + -1).
31
Let j(k) = -98*k**3 + k**2 - k - 1. Let a be j(-1). Suppose 4*c = 133 + a. Let r(l) = l**2 - 8*l - 5. Calculate the remainder when c is divided by r(10).
13
Suppose -5*s = -2*j - 339 - 306, -4*j + 615 = 5*s. Calculate the remainder when s is divided by 11.
6
Let v be -4*10*2/16. Let i(c) = 4*c**2 + 3*c + 9. Let q be i(v). Suppose n + n = q. Calculate the remainder when n is divided by 8.
7
Let o(g) = -8 + 0*g - 2*g + 2*g**2 + 7. Calculate the remainder when 9 is divided by o(2).
0
Let s = -199 - -219. Let k(o) = -o + 2. What is the remainder when s is divided by k(-5)?
6
Suppose 12*i - 4*i = 152. Suppose 5*n + 4*d + 482 - 144 = 0, -n - d = 67. What is the remainder when (n/8)/((-5)/20) is divided by i?
16
Suppose -2*g = -3*g - 1. Suppose -3*x - 4*p + 178 = -x, -265 = -3*x - 5*p. Calculate the remainder when x is divided by (-21 - (-2 - -3))/g.
19
Suppose 8*h - 71 = 113. Calculate the remainder when 550 is divided by h.
21
Suppose 2*r + 17 = 3*r. Let k = 668 + -601. What is the remainder when k is divided by r?
16
Calculate the remainder when 639 + (-5 - (4 + -5 + 0)) is divided by 22.
19
Suppose 0 = -4*v - 3*v + 350. Let l = 28 - -3. Let r = l + -5. What is the remainder when v is divided by r?
24
Let c(f) = -5*f - 7. Let a(l) = -8*l - 57. Let r(j) = 3*j + 49. Let p be r(-19). Calculate the remainder when c(-6) is divided by a(p).
2
Suppose 0 = -p - 3*l + 7, -3*p = p + 2*l - 38. Suppose 0 = -5*c + 7*c - p. Suppose -c*x = -x - 88. What is the remainder when x is divided by 6?
4
Suppose 24 = -2*j - 4*d, -2*j - 2*d - 29 = -11. Calculate the remainder when 28/70 - (-198)/5 is divided by (0 + j)*35/(-30).
5
Let d = 25 + -9. Let q = 20 - d. Suppose q*k - 2*g - 88 = -4*g, -2*g + 111 = 5*k. What is the remainder when k is divided by 13?
10
Let t(x) = -9*x - 16. Let s(b) = 26*b + 47. Let k(g) = -4*s(g) - 11*t(g). Let w = -3 + 13. What is the remainder when k(-6) is divided by w?
8
Let b(i) = -i**3 - 5*i**2 - i + 3. Let v be b(-3). Let q(l) = -l**3 - l**2 + l + 20. What is the remainder when q(0) is divided by (-2)/(-2)*(23 + v)?
9
Suppose -5*z - 73 = -4*q, -2*z + z - 1 = 0. Suppose 19 + q = 2*x + 2*j, -4*j - 99 = -5*x. Calculate the remainder when x is divided by 12.
7
Let a(o) be the third derivative of -o**4/8 + 7*o**3/2 - o**2. Let g(j) = j - 11. Let k(m) = -2*a(m) - 5*g(m). What is the remainder when 24 is divided by k(0)?
11
Let l = -63 - -65. Suppose -5*g - 129 = -4*c, -c + l*c - g = 32. Calculate the remainder when 90 is divided by c.
28
Let n = -4 + 2. Let d(i) = i**3 - 12*i**2 + 2*i - 14. Let w be d(12). What is the remainder when 215/w + 1/n is divided by 6?
3
Suppose -4*n - 4*r + 6 = -6, 4*n + 5*r - 14 = 0. Suppose 0 = -v - 4, h - 5*v - n = -6*v. What is the remainder when -3*57/(-18)*2 is divided by h?
4
Suppose 0*p = -2*p + 70. Let j(m) = -m**3 + 5*m**2 + 3*m - 10. Let c be 0 + (-2)/(-3) + 80/24. What is the remainder when p is divided by j(c)?
17
Calculate the remainder when (4/(-12) - 0)*-555 is divided by 64.
57
Let k(c) = -c**2 + 26*c - 17. Let o(h) = h**3 - 9*h**2 - 8*h - 13. Let t be o(10). Calculate the remainder when k(t) is divided by 30.
26
Let d(w) = -2*w - 14. Let c(h) = 12*h**2 - 11*h**2 + 4 + h - 2. Calculate the remainder when d(-14) is divided by c(-3).
6
Let g(r) = -r**3 + 6*r**2 - 6*r + 7. Let a be 0 - -3 - (1 - 3). Let h be g(a). Suppose -h*t = -27 - 15. What is the remainder when 41 is divided by t?
20
Suppose -54 = -3*i - 0. Let s = -4 + i. Calculate the remainder when 39 is divided by s.
11
Let o(k) = k**3 - 9*k**2 + 4*k - 12. Let h = 16 - 11. Suppose 23 = 2*p + g, 1 - 17 = p - h*g. Calculate the remainder when o(p) is divided by 9.
6
Suppose -236*n = -246*n + 1480. Calculate the remainder when n is divided by 39.
31
Suppose 0 = -21*f + 5001 - 1116. Suppose 0 = 4*k - f + 25. Calculate the remainder when 278 is divided by k.
38
Let t(j) = -6*j - 2. Let f(l) = -l**3 - 4*l**2 + 21*l + 42. Calculate the remainder when f(-7) is divided by t(-4).
20
Suppose -3*r - 492 = -3*q, q + 3*r - 2*r - 166 = 0. Calculate the remainder when q is divided by 14.
11
Let t = -31 + 45. What is the remainder when 51 - 6*(-3)/6 is divided by t?
12
Suppose -5*c = -10, -3*c - c = 2*o + 154. What is the remainder when 41 is divided by (14/3)/((-18)/o)?
20
Let k(q) = -q**3 + 44*q**2 - 87*q + 131. What is the remainder when 11 is divided by k(42)?
1
Let v(x) = x**2 - 21*x + 94. Calculate the remainder when 29 is divided by v(5).
1
What is the remainder when (-1)/(3/2) - 1316/(-12) is divided by 10?
9
Suppose -2*x + 6*x = 64. Suppose -x*t - 388 = -14*t. Let m = 283 + t. Calculate the remainder when m is divided by 23.
20
Suppose -230 = -6*l + 118. What is the remainder when 186 is divided by l?
12
Suppose 7*o - 4*o - 3*z = 144, z = 5*o - 256. Calculate the remainder when 308 is divided by o.
48
Calculate the remainder when 15 is divided by 315/36 + 2/8.
6
Suppose s = -s + 10. Suppose -s*r = -16 - 9. What is the remainder when 12 is divided by r?
2
What is the remainder when 6/3 - (2 - 210) is divided by 27?
21
Calculate the remainder when (206/(-3))/(41/(8487/(-46))) is divided by 29.
19
Let z = -24 - -39. Suppose -3*u = -5*s - 116, 11*s = u + 7*s - 34. Calculate the remainder when u is divided by z.
12
Suppose -4*m - 8 = 0, -m + 5*m = 4*x + 16. Let v = x + 9. What is the remainder when 10 is divided by v?
1
Suppose -3*u = -0*u - 162. Calculate the remainder when u is divided by -2 + (2 - (-56)/4).
12
Let o = 52 + -45. Suppose 52 = -3*m + o*m. What is the remainder when 51 is divided by m?
12
Let n(a) = 12*a - 202. What is the remainder when n(19) is divided by 14?
12
Let t(o) = o**2 + 34*o - 86. What is the remainder when 121 is divided by t(-37)?
21
Suppose -5*i + 166 + 263 = 4*o, 2*i = 3*o - 293. Calculate the remainder when o is divided by 36.
29
Let d(a) = 4*a**3 + 8*a**2 + 10*a + 1. Let i be d(-4). Let z = -68 - i. What is the remainder when z is divided by 20?
19
Let j(a) = 2*a - 24. Let o be j(15). Suppose 4*s - o*s = -34. What is the remainder when s is divided by 9?
8
Suppose 5*u + 303 = 2*a, 5*a = a + 4*u + 576. Suppose -2*z + 29 = -a. Suppose -2*j + 48 = -z. What is the remainder when j is divided by 23?
20
Suppose 16 = z + 9. Let g be (-4)/(-3 + z/3). Suppose 59 - g = q. Calculate the remainder when q is divided by 14.
11
Suppose 21*o + 108 = 27*o. What is the remainder when 269 is divided by o?
17
Let n(l) = 4*l + 11. Let y be n(-5). What is the remainder when (7/(-4))/(y/144) is divided by 18?
10
Let n = -58 + 61. Suppose -10*q = -n*q - 35. What is the remainder when 37 is divided by q?
2
Let i be 102*2 - 1 - 1. Let k = i + -143. Let s = -99 - -130. What is the remainder when k is divided by s?
28
Let f(g) = -3 + g + 1 - 1 + 12. What is the remainder when f(3) is divided by 8?
4
Let d = 601 + -581. What is the remainder when 136 is divided by d?
16
Calculate the remainder when 250 is divided by (3/2)/(10/((-560)/(-4))).
19
Let b(y) = y**3 + 9*y**2 - 25*y - 1. Let f be b(-11). Let k = 52 - f. What is the remainder when k is divided by 11?
9
Let d = 272 + -237. What is the remainder when 168 is divided by d?
28
Calculate the remainder when 853 is divided by 1960/75 + -1 + (-52)/(-60).
21
Suppose -3*g = 3*g - 4*g. Suppose -5 = p, 3*v + g*v - 5*p = 76. Let b(c) = c**2 - c - 7. What is the remainder when b(8) is divided by v?
15
Suppose 1401 = 12*k - 663. What is the remainder when k is divided by 55?
7
Let q = 43 - 43. Suppose q = -j - 0*j + 65. Calculate the remainder when j is divided by 17.
14
Let f(i) = -5 + 1 + 4 - 2*i - 2. Let w be f(0). Calculate the remainder when (-73)/w - (-4)/(-8) is divided by 13.
10
Let p(t) = -2*t**2 + 13*t + 8. Let w be p(6). Suppose 2*z - 3*n + 0*n + 1 = 0, w = 5*z - 2*n. What is the remainder when 53 is divided by z?
1
Let p = 687 + -353. Calculate the remainder when p is divided by 68.
62
Suppose -v = 3*v - 20. Suppose -v*p = 2*u - 267, 4*u - p = 499 + 2. Calculate the remainder when u is divided by 32.
30
Suppose 0 = f + 1, 5*r + 5*f = 3*r + 13. Suppose -2 = -j + b, -4*b - 12 = -4*j - 2*b. Suppose 76 + 24 = j*c. What is the remainder when c is divided by r?
7
Let v be (18/(-15))/((-18)/60). Suppose -3*y + 147 = v*y. Calculate the remainder when 82 is divided by y.